 thousands digit of 54364517?
6
What is the hundreds digit of 1007772348?
3
What is the units digit of 26709731?
1
What is the hundred thousands digit of 31666087?
6
What is the units digit of 44846325?
5
What is the hundred thousands digit of 529140600?
1
What is the millions digit of 42400445?
2
What is the hundred millions digit of 127992746?
1
What is the hundreds digit of 75365091?
0
What is the units digit of 37147849?
9
What is the ten millions digit of 10559964?
1
What is the hundreds digit of 171888204?
2
What is the ten thousands digit of 305663566?
6
What is the hundred millions digit of 264754208?
2
What is the millions digit of 5890815?
5
What is the hundred thousands digit of 557351192?
3
What is the ten millions digit of 494711555?
9
What is the ten thousands digit of 5863239?
6
What is the hundred thousands digit of 2525560682?
5
What is the hundreds digit of 2294833134?
1
What is the ten thousands digit of 17902122?
0
What is the hundred thousands digit of 4413427?
4
What is the units digit of 62351847?
7
What is the units digit of 1652716341?
1
What is the ten thousands digit of 14964096?
6
What is the hundreds digit of 254621353?
3
What is the hundreds digit of 1628284905?
9
What is the ten millions digit of 283801259?
8
What is the hundred millions digit of 925616745?
9
What is the ten thousands digit of 154032790?
3
What is the ten millions digit of 884963416?
8
What is the thousands digit of 1281933705?
3
What is the ten millions digit of 644262377?
4
What is the units digit of 540582379?
9
What is the tens digit of 4453909283?
8
What is the hundreds digit of 2964780101?
1
What is the billions digit of 1738625572?
1
What is the ten millions digit of 2426093840?
2
What is the millions digit of 500863767?
0
What is the hundred millions digit of 1657710399?
6
What is the millions digit of 16637588?
6
What is the tens digit of 56368221?
2
What is the units digit of 791669425?
5
What is the tens digit of 3295917515?
1
What is the ten millions digit of 773555830?
7
What is the hundred thousands digit of 115301086?
3
What is the ten millions digit of 87339912?
8
What is the hundreds digit of 4096084860?
8
What is the millions digit of 56318637?
6
What is the thousands digit of 46377925?
7
What is the ten thousands digit of 1265943159?
4
What is the thousands digit of 109119526?
9
What is the ten millions digit of 621134855?
2
What is the tens digit of 798036375?
7
What is the ten millions digit of 27118245?
2
What is the units digit of 771726617?
7
What is the hundred thousands digit of 557651351?
6
What is the hundred millions digit of 1017205243?
0
What is the ten thousands digit of 18894682?
9
What is the units digit of 5570741?
1
What is the tens digit of 52567720?
2
What is the ten thousands digit of 812798616?
9
What is the hundred millions digit of 214932287?
2
What is the units digit of 5651548283?
3
What is the hundreds digit of 63953862?
8
What is the hundreds digit of 772371099?
0
What is the ten millions digit of 313656774?
1
What is the billions digit of 3929170783?
3
What is the ten millions digit of 62091970?
6
What is the millions digit of 731525275?
1
What is the hundred millions digit of 121102591?
1
What is the millions digit of 93067443?
3
What is the millions digit of 319912039?
9
What is the hundred thousands digit of 1136068189?
0
What is the hundreds digit of 122183607?
6
What is the thousands digit of 175613788?
3
What is the ten millions digit of 13843125?
1
What is the thousands digit of 388456420?
6
What is the tens digit of 581269432?
3
What is the hundred millions digit of 383600164?
3
What is the tens digit of 42520022?
2
What is the millions digit of 743387859?
3
What is the units digit of 55300351?
1
What is the ten millions digit of 3924029621?
2
What is the hundred thousands digit of 1014114722?
1
What is the millions digit of 6721312402?
1
What is the units digit of 274475719?
9
What is the hundred thousands digit of 83073081?
0
What is the millions digit of 81253317?
1
What is the millions digit of 403308611?
3
What is the hundreds digit of 31148503?
5
What is the units digit of 403329683?
3
What is the thousands digit of 507935533?
5
What is the ten millions digit of 599559615?
9
What is the millions digit of 584726791?
4
What is the hundreds digit of 7029566100?
1
What is the ten millions digit of 683280462?
8
What is the hundred thousands digit of 28374375?
3
What is the units digit of 32894212?
2
What is the millions digit of 5063248290?
3
What is the tens digit of 1069532657?
5
What is the thousands digit of 114692607?
2
What is the ten thousands digit of 63629845?
2
What is the hundred thousands digit of 119814897?
8
What is the hundred millions digit of 282983125?
2
What is the ten thousands digit of 29332154?
3
What is the millions digit of 82831247?
2
What is the tens digit of 53656626?
2
What is the millions digit of 994129765?
4
What is the units digit of 706435236?
6
What is the billions digit of 6088808012?
6
What is the units digit of 56736270?
0
What is the tens digit of 287334013?
1
What is the ten millions digit of 414263035?
1
What is the ten millions digit of 104099852?
0
What is the hundreds digit of 1012467584?
5
What is the ten thousands digit of 205303009?
0
What is the millions digit of 819776517?
9
What is the hundred thousands digit of 1573436242?
4
What is the thousands digit of 54543043?
3
What is the hundreds digit of 6873563090?
0
What is the hundreds digit of 45302843?
8
What is the thousands digit of 55163760?
3
What is the millions digit of 219836545?
9
What is the ten thousands digit of 2154467328?
6
What is the units digit of 312326095?
5
What is the hundreds digit of 352840417?
4
What is the ten millions digit of 45122481?
4
What is the millions digit of 239550570?
9
What is the ten thousands digit of 256854016?
5
What is the ten thousands digit of 2566050548?
5
What is the ten millions digit of 97040114?
9
What is the tens digit of 80058032?
3
What is the hundreds digit of 380079441?
4
What is the hundred thousands digit of 66354727?
3
What is the billions digit of 1139397223?
1
What is the millions digit of 1272304580?
2
What is the thousands digit of 918868595?
8
What is the thousands digit of 120417383?
7
What is the tens digit of 329375506?
0
What is the tens digit of 106497963?
6
What is the millions digit of 214953794?
4
What is the millions digit of 4354186757?
4
What is the thousands digit of 253442251?
2
What is the ten thousands digit of 890687426?
8
What is the ten millions digit of 36539785?
3
What is the ten thousands digit of 342673113?
7
What is the hundreds digit of 49498391?
3
What is the hundred millions digit of 1157329412?
1
What is the thousands digit of 2119253842?
3
What is the millions digit of 412554890?
2
What is the ten millions digit of 22069076?
2
What is the millions digit of 31611887?
1
What is the ten thousands digit of 26869794?
6
What is the ten thousands digit of 48335478?
3
What is the units digit of 49652770?
0
What is the tens digit of 249427557?
5
What is the hundred thousands digit of 9443256368?
2
What is the hundred millions digit of 2720682774?
7
What is the hundred thousands digit of 1032498359?
4
What is the billions digit of 2369703057?
2
What is the ten thousands digit of 1521122288?
2
What is the ten thousands digit of 43233533?
3
What is the ten thousands digit of 957538925?
3
What is the hundred thousands digit of 605106667?
1
What is the ten millions digit of 46496709?
4
What is the thousands digit of 79526803?
6
What is the tens digit of 987186532?
3
What is the ten thousands digit of 428050483?
5
What is the millions digit of 164034606?
4
What is the tens digit of 829028?
2
What is the hundred millions digit of 711793566?
7
What is the tens digit of 7279945318?
1
What is the ten thousands digit of 356437974?
3
What is the tens digit of 284663051?
5
What is the thousands digit of 96437496?
7
What is the units digit of 2442421378?
8
What is the hundreds digit of 456489305?
3
What is the hundreds digit of 174362397?
3
What is the ten thousands digit of 188258492?
5
What is the ten millions digit of 477712679?
7
What is the hundred thousands digit of 7182592339?
5
What is the ten millions digit of 77275